 24434?
2
What is the units digit of 4118?
8
What is the thousands digit of 81500?
1
What is the tens digit of 390?
9
What is the thousands digit of 6563?
6
What is the ten thousands digit of 32386?
3
What is the tens digit of 2497?
9
What is the ten thousands digit of 11429?
1
What is the hundreds digit of 9342?
3
What is the thousands digit of 1061?
1
What is the ten thousands digit of 10761?
1
What is the hundreds digit of 955?
9
What is the tens digit of 80539?
3
What is the hundreds digit of 27039?
0
What is the thousands digit of 8698?
8
What is the thousands digit of 7263?
7
What is the thousands digit of 2208?
2
What is the units digit of 154?
4
What is the thousands digit of 38544?
8
What is the hundreds digit of 8001?
0
What is the hundreds digit of 341?
3
What is the thousands digit of 30708?
0
What is the ten thousands digit of 10508?
1
What is the hundreds digit of 3171?
1
What is the thousands digit of 1006?
1
What is the hundreds digit of 3463?
4
What is the tens digit of 839?
3
What is the units digit of 449?
9
What is the tens digit of 12855?
5
What is the tens digit of 55822?
2
What is the thousands digit of 49275?
9
What is the thousands digit of 2279?
2
What is the tens digit of 78917?
1
What is the hundreds digit of 1881?
8
What is the hundreds digit of 2278?
2
What is the hundreds digit of 1448?
4
What is the thousands digit of 17307?
7
What is the hundreds digit of 2430?
4
What is the ten thousands digit of 31080?
3
What is the thousands digit of 9649?
9
What is the ten thousands digit of 40200?
4
What is the ten thousands digit of 17924?
1
What is the tens digit of 2080?
8
What is the tens digit of 3320?
2
What is the tens digit of 82?
8
What is the thousands digit of 20495?
0
What is the tens digit of 464?
6
What is the tens digit of 8822?
2
What is the tens digit of 6429?
2
What is the thousands digit of 39099?
9
What is the thousands digit of 31658?
1
What is the units digit of 449?
9
What is the ten thousands digit of 15429?
1
What is the tens digit of 1717?
1
What is the hundreds digit of 3459?
4
What is the tens digit of 809?
0
What is the tens digit of 426?
2
What is the tens digit of 867?
6
What is the units digit of 17482?
2
What is the ten thousands digit of 37986?
3
What is the units digit of 12232?
2
What is the units digit of 2416?
6
What is the tens digit of 21922?
2
What is the ten thousands digit of 23358?
2
What is the hundreds digit of 28306?
3
What is the thousands digit of 26289?
6
What is the thousands digit of 117196?
7
What is the hundreds digit of 26337?
3
What is the tens digit of 52773?
7
What is the tens digit of 469?
6
What is the units digit of 50761?
1
What is the tens digit of 1393?
9
What is the tens digit of 137016?
1
What is the units digit of 13683?
3
What is the hundreds digit of 844?
8
What is the thousands digit of 16103?
6
What is the ten thousands digit of 47643?
4
What is the units digit of 20366?
6
What is the tens digit of 151681?
8
What is the units digit of 670?
0
What is the units digit of 8571?
1
What is the hundreds digit of 829?
8
What is the thousands digit of 4293?
4
What is the tens digit of 1011?
1
What is the thousands digit of 19794?
9
What is the thousands digit of 97219?
7
What is the hundreds digit of 1292?
2
What is the units digit of 3368?
8
What is the tens digit of 7294?
9
What is the thousands digit of 7682?
7
What is the units digit of 36797?
7
What is the hundreds digit of 2286?
2
What is the hundreds digit of 13881?
8
What is the thousands digit of 111476?
1
What is the tens digit of 3165?
6
What is the hundreds digit of 5004?
0
What is the hundreds digit of 101213?
2
What is the hundreds digit of 1623?
6
What is the ten thousands digit of 64885?
6
What is the tens digit of 457?
5
What is the hundreds digit of 40332?
3
What is the units digit of 1651?
1
What is the hundreds digit of 2052?
0
What is the units digit of 14441?
1
What is the thousands digit of 9514?
9
What is the thousands digit of 20728?
0
What is the tens digit of 3275?
7
What is the hundreds digit of 2364?
3
What is the tens digit of 34686?
8
What is the units digit of 13562?
2
What is the thousands digit of 1302?
1
What is the tens digit of 29079?
7
What is the hundreds digit of 8860?
8
What is the units digit of 30128?
8
What is the tens digit of 107?
0
What is the tens digit of 22169?
6
What is the thousands digit of 26322?
6
What is the units digit of 573?
3
What is the tens digit of 9503?
0
What is the hundreds digit of 23461?
4
What is the thousands digit of 9194?
9
What is the tens digit of 158448?
4
What is the tens digit of 3168?
6
What is the hundreds digit of 100765?
7
What is the tens digit of 147721?
2
What is the tens digit of 146?
4
What is the ten thousands digit of 186451?
8
What is the hundreds digit of 5309?
3
What is the thousands digit of 17447?
7
What is the hundreds digit of 11778?
7
What is the units digit of 5997?
7
What is the units digit of 7597?
7
What is the thousands digit of 1503?
1
What is the units digit of 158?
8
What is the tens digit of 100?
0
What is the units digit of 15898?
8
What is the units digit of 956?
6
What is the tens digit of 251?
5
What is the ten thousands digit of 11157?
1
What is the hundreds digit of 5066?
0
What is the hundred thousands digit of 122257?
1
What is the units digit of 716?
6
What is the units digit of 2199?
9
What is the tens digit of 64?
6
What is the hundreds digit of 6972?
9
What is the tens digit of 736?
3
What is the units digit of 78866?
6
What is the thousands digit of 1996?
1
What is the units digit of 1438?
8
What is the thousands digit of 10607?
0
What is the tens digit of 550?
5
What is the thousands digit of 1051?
1
What is the tens digit of 29464?
6
What is the units digit of 5594?
4
What is the tens digit of 14993?
9
What is the hundreds digit of 1481?
4
What is the thousands digit of 2914?
2
What is the ten thousands digit of 14328?
1
What is the thousands digit of 2226?
2
What is the hundreds digit of 32118?
1
What is the units digit of 723?
3
What is the units digit of 1674?
4
What is the thousands digit of 10919?
0
What is the tens digit of 27298?
9
What is the tens digit of 12244?
4
What is the hundreds digit of 8609?
6
What is the units digit of 19040?
0
What is the tens digit of 174?
7
What is the hundreds digit of 22356?
3
What is the hundreds digit of 1813?
8
What is the hundreds digit of 40031?
0
What is the tens digit of 5539?
3
What is the tens digit of 6390?
9
What is the thousands digit of 11992?
1
What is the units digit of 39628?
8
What is the units digit of 65538?
8
What is the units digit of 3340?
0
What is the thousands digit of 8884?
8
What is the hundreds digit of 647?
6
What is the hundreds digit of 178?
1
What is the units digit of 3572?
2
What is the units digit of 138652?
2
What is the ten thousands digit of 84814?
8
What is the units digit of 3922?
2
What is the hundreds digit of 83747?
7
What is the hundreds digit of 2913?
9
What is the tens digit of 1681?
8
What is the tens digit of 700?
0
What is the hundreds digit of 2872?
8
What is the units digit of 461?
1
What is the thousands digit of 2005?
2
What is the units digit of 3959?
9
What is the hundreds digit of 933?
9
What is the thousands digit of 2998?
2
What is the thousands digit of 49041?
9
What is the ten thousands digit of 66840?
6
What is the units digit of 8039?
9
What is the thousands digit of 75579?
5
What is the hundreds digit of 301?
3
What is the units digit of 130?
0
What is the thousands digit of 135186?
5
What is the ten thousands digit of 140132?
4
What is the thousands digit of 11570?
1
What is the hundreds digit of 444?
4
What is the hundreds digit of 1040?
0
What is the tens digit of 19298?
9
What is the thousands digit of 5260?
5
What is the hundreds digit of 714?
7
What is the thousands digit of 5444?
5
What is the hundreds digit of 1369?
3
What is the hundreds digit of 876?
8
What is the tens digit of 13575?
7
What is the tens digit of 69006?
0
What is the hundreds digit of 91664?
6
What is the units digit of 4722?
2
What is the hundreds digit of 157?
1
What is the units digit of 1585?
5
What is the tens digit of 5830?
3
What is the units digit of 517?
7
What is the hundreds digit of 30762?
7
What is t